3*p + 2*l - j, 0 = -7*p + 8*p + l - 9. Let k(h) = -h**3 + 4*h**2 - h + 5. Determine k(p).
1
Let u = 50 - 54. Let q(z) be the first derivative of z**3/3 + 7*z**2/2 + 5*z + 1. Determine q(u).
-7
Let m(d) = -5*d**3 - 2*d**2 + d. Let b be -2*(-4)/16 - (-3)/6. Calculate m(b).
-6
Let r(m) = -5*m + 108. Let h be r(22). Let b(o) = o**3 + 2*o**2 - 2*o - 2. Determine b(h).
2
Let h(j) = j**3 - 2*j**2 - 2*j. Let y(o) = 7*o + 52. Let i be y(-7). What is h(i)?
3
Let s(b) = 30*b**3 - 11*b**2 + 6*b - 8. Let i(u) = -10*u**3 + 4*u**2 - 2*u + 3. Let d(c) = 11*i(c) + 4*s(c). Give d(-1).
-11
Let y(x) = -3*x**2 - x + 2. Let u = 37 - 35. Give y(u).
-12
Suppose 2*q + 9 + 6 = -5*h, q = 5. Let w(x) = -3*x + 2. Give w(h).
17
Let w(t) = -8*t - 3. Let s(g) = -g - 1. Let u(v) = -2*s(v) + w(v). Let y be u(-1). Let n(h) be the second derivative of h**3/3 - h**2/2 + 33*h. What is n(y)?
9
Let k(c) be the third derivative of -c**5/60 - 7*c**4/24 - c**3/3 + 21*c**2. Let f(z) = 3*z + 4. Let x be f(-3). What is k(x)?
8
Suppose 2*t = 3*t - 7. Let i = t - 2. Let d(f) = -3 - i - 2*f + 2. Give d(-4).
2
Let u(l) = -3*l**2 - 2*l + 5. Let m(x) = -x**2 - x + 1. Let f(g) = -4*m(g) + u(g). Suppose 4*b - 4*q = 0, 2 + 7 = -5*b - 4*q. What is f(b)?
0
Let r(n) = 13*n + 15. Let q(v) = -v. Let p(w) = -11*w - 10. Let j(b) = -p(b) + 2*q(b). Let t(c) = -7*j(c) + 5*r(c). Give t(-5).
-5
Let a(u) = -u**3 + 6*u**2 - 2*u + 3. Let c(b) = 3*b**3 - 11*b**2 + 5*b - 6. Let g(z) = 5*a(z) + 2*c(z). What is g(-8)?
3
Let g = -52 - -56. Let l(r) = r**2 - 8*r - 1. Determine l(g).
-17
Let c(f) = -f**2 - f. Let v be 6/(-12) + 1/(-2). What is c(v)?
0
Let f be 2/(-4) + 5/2. Let n = 2 + f. Let z(q) = n - 2*q + q - 1 - q**3 + 3*q**2 - 6*q**2. Determine z(-3).
6
Let m = 47 + -46. Let r(q) be the second derivative of -7*q**4/12 + q**2/2 - q. What is r(m)?
-6
Let v = 8 - 3. Let x(h) = 4 + 5*h**2 + 0*h - h**2 + v*h + h**3. Give x(-3).
-2
Let j(o) = -17*o + 64*o**2 + 11*o + o**3 - 2 - 70*o**2. What is j(7)?
5
Suppose m - 4 = -0. Let i(k) = -2*k. Give i(m).
-8
Let d(t) be the second derivative of t**5/20 - t**4/4 - 2*t**3/3 + t**2/2 - 32*t. Calculate d(4).
1
Let m = -2 - -4. Suppose 2*t = 4*l - t - 22, -2*l = 5*t + 2. Suppose -3*s = -4*s + 4*h + 11, -14 = -m*s + l*h. Let p(a) = -a**3 + 2*a**2 + 2. Give p(s).
-7
Suppose -r - 2*r + 113 = 5*i, 4 = 4*r. Suppose -2 + i = 5*s. Let z(w) = -5*w + 9. Let t(h) = -2*h + 3. Let j(d) = 8*t(d) - 3*z(d). Calculate j(s).
-7
Let y(v) be the first derivative of v**4/4 - 5*v**3/3 - 3*v**2/2 + 7*v - 31. Give y(5).
-8
Let v(n) be the first derivative of -n**7/840 + n**6/72 - n**5/120 - n**4/24 - 4*n**3/3 - 3. Let x(z) be the third derivative of v(z). Determine x(3).
14
Let s(a) = -3*a**2 - 2*a. Let c = -11 + 9. Determine s(c).
-8
Let w(v) be the second derivative of -v**5/60 - 7*v**4/24 - 7*v**3/6 + v**2 + v. Let k(s) be the first derivative of w(s). Calculate k(-5).
3
Let k(u) = -7*u - 8. Let f(r) = -6*r - 8. Let j(n) = 6*f(n) - 5*k(n). Calculate j(-7).
-1
Let k(m) = m - 6*m + 149 - 147. Determine k(-2).
12
Let i(v) = -v**3 + v**2 + 2*v + 2. Let q = 23 + -25. Give i(q).
10
Suppose 3*y - 2*y - 6 = 0. Let k(t) = -2*t**2 + 3*t**2 + 8 + 3*t - 10*t. Determine k(y).
2
Let c(j) = j**3 + 5*j**2 + j + 5. Let o be c(-5). Let b(t) = -1 + 0 + o + 9*t - 15*t + t**2. Give b(3).
-10
Let p(u) = 3*u. Let b be p(-1). Let x(f) = -3*f**2 - 5*f - 4. Calculate x(b).
-16
Let c(y) = -23*y**2 + 2 - y + 18*y**2 + 6*y**2. Let o(r) = r**2 - 7*r + 8. Let z be o(6). Suppose -2 = -z*a + 3*a. What is c(a)?
8
Let h(q) = -q**2 - 6*q - 1. Let b be h(-6). Let z(j) = 0*j**2 - j + 5*j**2 + 3*j**2 - 14*j**2. Give z(b).
-5
Let z = -20 - -23. Let k(f) = 3*f + 3. Determine k(z).
12
Let g(v) = -7*v**2 - v. Let n(q) = 2*q + 6. Let x be n(-6). Let l be 8/x + (-2)/(-6). Determine g(l).
-6
Let w(s) = 3*s**2 + 7*s + 11. Let z(a) = 10*a**2 + 21*a + 34. Let t(f) = 7*w(f) - 2*z(f). What is t(-6)?
3
Let w(s) = 9*s**3 - s**2. Suppose -4*n = -2*n + 12. Let f = 4 + n. Let u be (f - 0)*(-1)/2. Calculate w(u).
8
Let b be 104/16 + 1/(-2). Let y(f) = b - 3*f**2 - 2 - 5*f**3 + 1 + 4*f**3 + 5*f. Suppose 0 = -0*o + 5*o + 20. Give y(o).
1
Let q(b) = 7*b**2 - 2*b - 1. Suppose -c + 7 = 8. Give q(c).
8
Let m(g) = 2*g**3 - 5*g**2 - 2*g + 5. Let u(y) = -3*y**3 + 9*y**2 + 4*y - 9. Let w(r) = -5*m(r) - 3*u(r). What is w(2)?
-18
Suppose y + 5 = -2. Let q be (0 - y) + 1 + 0. Let r(k) = -k**2 - 21 + k + 21 - q*k**3. Determine r(1).
-8
Let b(t) = -15*t + 1. Let l be (-1)/(3 - 3 - -1). What is b(l)?
16
Suppose 2*g = 2*s - 22, g - 9 = 4*g + 3*s. Let f(y) = 9*y**2 + 0*y**2 - 3*y**2 - 10 - 9*y + y**3. Calculate f(g).
4
Suppose y + 2*s - 3 = 0, y - 4*s = -1 - 2. Let o(g) = 7*g + 3. Let c(h) = h + 1. Let m(w) = 4*c(w) - o(w). Give m(y).
-2
Let z(s) = -s + 4. Suppose 0 = -5*r + 2*v + 14, -2*r - 5*v = 7 - 1. Suppose w = -5, -3*w + 27 = -i - r*i. Let l = -8 - i. Determine z(l).
-2
Suppose -3*d = 2*m + 21, -5*m - d - 56 = -10. Let l = m + 11. Let a(x) = x - 2. Determine a(l).
0
Let o(p) be the third derivative of -7/24*p**4 + 0 - 7/60*p**5 + 0*p - 5*p**2 - 4/3*p**3 - 1/120*p**6. Calculate o(-6).
-2
Let r(t) = -2*t. Suppose 2*z + 0 = 2*d + 2, 1 = -d + 2*z. What is r(d)?
2
Suppose f + 4 = -2*z, -f - 3*f - 8 = 4*z. Let y(k) be the second derivative of -k**5/20 + k**4/12 + 2*k**3/3 + 3*k**2/2 + k. Give y(z).
7
Let f = 28 + -41. Let j = f + 20. Let z(c) = -c**3 + 6*c**2 + 7*c + 6. Determine z(j).
6
Suppose 0 = -5*h - 3*k + 5 + 9, h + k = 4. Suppose 15 = 5*f + 4*p - 16, 2*p = 2*f + 2. Let n(j) = -6*j**f + 2*j**3 - 1 + 2. Calculate n(h).
-3
Let w be (-34)/(-8) + (-5)/20. Suppose 2*u + 0 = w. Suppose -5*f + 2*v + 0*v + 11 = 0, -f + u*v = -7. Let y(j) = j**3. Determine y(f).
1
Let q(c) = c - 3. Let l(u) = -u**3 + 2*u**2 + 2*u + 3. Let p be l(3). Suppose -3*g + 15 = 0, 4*z = 2*g + 6 - p. What is q(z)?
1
Let s(l) = 4*l**3 + l**2 - 5*l + 2. Let x(v) = -3*v**3 - 2*v**2 + 5*v - 3. Let i(g) = 4*s(g) + 5*x(g). Give i(6).
23
Let k(b) = -2*b + 1 - b + 3. Suppose 8*t - 7 - 25 = 0. Give k(t).
-8
Let j = -1 + 3. Let o be (-15)/(-6) - 1/j. Let q(u) = 2 - 3 + 2 + 2*u. Calculate q(o).
5
Let f(b) be the first derivative of b**4/4 - b**3/3 - 2*b**2 - 3*b + 1. Suppose -4*d = 5*q + 26, -2*q = 3*d - 5 + 21. Let c = q - 0. Calculate f(c).
-7
Let a = -6 + 8. Let d(z) be the first derivative of -2*z - z**2 - 3 + z + 3*z**a. What is d(2)?
7
Let u(j) = j - 7. Let r be 6/16*-2*280/(-30). Determine u(r).
0
Let x = 9 - 5. Let m be 18/x + 10/20. Let y(r) = r**2 - 4*r - 3. What is y(m)?
2
Let q(w) be the first derivative of -2*w**3/3 - w**2/2 - w + 9. Calculate q(-1).
-2
Suppose -2*z + 1 = 9. Let k(n) = n**3 + 4*n**2 + 6*n + 3. Calculate k(z).
-21
Let c(y) be the first derivative of -10*y**3/3 + y**2 + y - 15. Give c(-1).
-11
Let r(z) be the third derivative of z**5/60 + z**4/8 - z**3/6 + 20*z**2. Determine r(-5).
9
Let y(q) = -4*q**2 + 4*q - 3. Let x be (-4)/(-6) + 35/15. Suppose 19 = 2*w + x. Suppose 0*t - 4*t + w = 0. Calculate y(t).
-11
Let b(z) be the second derivative of 0*z**2 - 1/2*z**3 + 0 - 2*z. Let c be 2/((-1)/((-2)/4)). Give b(c).
-3
Let o(h) = 3*h**3 + 5*h**2 + 11*h - 3. Let k(w) = w**3 + 2*w**2 + 5*w - 1. Let i(b) = 5*k(b) - 2*o(b). Determine i(3).
-17
Let o(b) = -7*b**2 - 5*b - 2*b + 0*b + 1 - b - b**3. Determine o(-6).
13
Suppose -5*c + 19 = 3*g, -c + 1 = -1. Let z(q) = -q - 1. Let t(r) = -3*r**2 - 2*r - 3. Let h(v) = g*z(v) - t(v). What is h(1)?
2
Suppose -27 - 57 = -21*x. Let r(w) = -w**2 + 4*w - 6. What is r(x)?
-6
Let d(v) = -5*v**2 - 2. Let i(t) = 11*t**2 + t + 5. Let o(j) = -13*d(j) - 6*i(j). Determine o(-5).
1
Let c(k) be the first derivative of k**4/12 + k**3/6 + k**2/2 - k + 1. Let v(i) be the first derivative of c(i). What is v(-2)?
3
Let s(q) = 76*q**2 + 2*q**3 - 68*q**2 - 3*q**3 - 3*q - 7 - 4*q. Suppose 0*z + 35 = 5*z. Give s(z).
-7
Let b be 3 + (-1)/1*1. Let x(i) = 5*i**2 - 1 + 5 - 4*i**b - 5*i. Suppose h - j = 1, 3*h + 3*j - 23 = j. What is x(h)?
4
Let f(c) = -53 + 2*c + c + c**2 - c**3 + 52. What is f(2)?
1
Let n(k) = 6*k. Let p(r) = 7*r. Let t be 1/4 + 38/8. Suppose 0 = -0*w - t*w + 15. Let s(l) = w*p(l) - 4*n(l). What is s(-2)?
6
Let n(g) = -g - 5. Let m(j) be the first derivative of 3*j**2/2 - 4*j - 2. Let o be m(3). Determine n(o).
-10
Let v(c) be the first derivative of -c**2